 Let r(p) = -p**2 + 6*p - 8. Determine r(y).
-8
Let t(w) be the first derivative of -w**3 + 3*w**2/2 + w - 2. Let r(l) = -2*l**2 + 2*l. Let u(g) = 4*r(g) - 3*t(g). What is u(0)?
-3
Suppose 20 + 36 = -4*z. Let q = z - -8. Let s(b) = b. What is s(q)?
-6
Let t(u) = -2*u**2 - u + 2. Let n(c) = c**2 + 1. Let g(o) = n(o) + t(o). Let v = -3 - -6. Let b be -2 - -2*(v - 2). What is g(b)?
3
Suppose -3*d + 4*d = 0. Suppose d = -3*u + 3 - 12. Let p(h) = -5 + 1 - h - 1. Calculate p(u).
-2
Let w(p) be the third derivative of -p**5/60 + p**4/8 + p**3/6 + 7*p**2. Let f(r) = r + 4. Let y be f(0). Determine w(y).
-3
Let k(t) be the first derivative of -t**2 + 3*t + 5. Give k(4).
-5
Suppose -4*x = -3 - 5. Suppose 3 = -3*t + 2*b, 4*t = 2*t - 4*b - x. Let p = 2 - t. Let k(l) = l**2 - 3*l - 2. Calculate k(p).
-2
Suppose -2*s - 9 = -3*v, -s + 3*s = -v - 5. Let i(l) = -3*l + 6. Let p(y) = y. Let d(x) = v*i(x) + 2*p(x). Calculate d(6).
0
Let n(y) be the second derivative of 1/20*y**5 - 1/3*y**4 - y**2 - 1/2*y**3 - y + 0. Calculate n(5).
8
Let y(l) be the first derivative of l**2/2 + 2*l + 6. Suppose 3*x - 16 = -5*a, 3*x - 6 = a - 20. Give y(x).
-1
Let t(k) = -k + k**3 - 1 + 0 + 0*k**3 - 5*k**2 + 0*k**3. What is t(5)?
-6
Let v(u) = u. Let d(a) = 2*a**2 + 1. Let w be d(1). Suppose 0 = -w*j, -5*g + 2*j = -g. What is v(g)?
0
Let k(h) be the third derivative of -h**7/105 - h**6/360 + h**5/60 - h**4/24 + h**3/2 - 5*h**2. Let j(x) be the first derivative of k(x). Give j(1).
-8
Suppose -4*q = 18 + 2. Let c(y) = y**2 + 3*y - 3. Determine c(q).
7
Let y = 43 - 49. Suppose 0 = -4*u - u. Let s(t) = 0 - t + u*t - 2. What is s(y)?
4
Let l(s) = 3*s**2 + 3*s - 4. Let i(x) = -4*x**2 - 5*x + 6. Let k = 6 + -11. Let b(o) = k*i(o) - 7*l(o). Determine b(5).
-7
Let f(r) be the third derivative of r**5/60 - r**4/4 - r**3/2 + 4*r**2. Suppose 0 = 5*n + 4*v - 18, 0 = n + 2*n + 2*v - 12. Determine f(n).
-3
Suppose 2*y = -0*y. Let q(c) = c**3 - c**2 + 4 + c**3 - 3*c**3 + c. Determine q(y).
4
Let j be 3*15/9*1. Let b = 1 - j. Let h(p) be the first derivative of -p**4/4 - 4*p**3/3 - 5*p + 3. What is h(b)?
-5
Let b(w) = 4*w + 42*w**2 - 4 + w**3 - 11*w - 36*w**2. Give b(-7).
-4
Suppose -2*k - 2 - 2 = 0. Let l(y) = -y**2 + 1. Let d(c) = -c + 1. Let u(b) = d(b) + l(b). Determine u(k).
0
Let k(z) = -5*z + 1. Suppose 2 = 4*h - 18. Suppose -4*w = -1 + h. Calculate k(w).
6
Let k(i) be the second derivative of i**4/12 + i**3/2 - 3*i**2/2 + i. Let y(d) = d**2 - 6*d + 4. Let j be y(4). What is k(j)?
1
Suppose f - 4*f = 0. Let s(t) = 0 + f + t. Give s(3).
3
Suppose -6 = 2*l - 14. Suppose l*i + 4*t + 1 = t, 2*t + 8 = i. Let p(x) = -1 + 0 - 3*x**i - 2*x**2 - 2*x. Determine p(-1).
-4
Let z(j) = j**3 - 17*j**2 - 18*j - 4. Let g be z(18). Let p(h) be the first derivative of h**2/2 + 1. Give p(g).
-4
Let h(o) = o**2 + 10*o + 10. Let n = 67 - 75. Give h(n).
-6
Let c(k) = -4*k**3 + k. Let f be c(-1). Suppose f*g - 4*s = 8*g - 17, -2*g + 3*s + 16 = 0. Let q(h) = -h - 4. What is q(g)?
-9
Let x(d) = -4*d. Suppose 5*u - 2*u + r = 19, -2*u - 4*r = 4. Suppose -7 = -m - 4*o - 0*o, 4*m - 2*o = -u. What is x(m)?
4
Let v be ((-2)/3)/(2/6). Let l be 6/(-5)*5/v. Let b(w) = -1. Let x(i) = -i + 3. Let s(j) = -4*b(j) + x(j). What is s(l)?
4
Suppose 2*c = c. Let i be 5*(-5)/((-75)/9). Let b(j) = -2*j**2 + 2 + i*j**2 + 2 - j. What is b(c)?
4
Let p(q) be the second derivative of 0 + q**2 + 1/6*q**3 + 1/12*q**4 - q. Let k(i) = -i + 3. Let r be k(6). What is p(r)?
8
Let k(a) = 2*a**2 + 3*a - 3. Let o be 6/(-15) - (-17)/5. Let f = o - 6. Determine k(f).
6
Let b(w) = 2*w - 10. Suppose -5*q = -d - 38, -3*q + 30 = q - d. Let l be b(q). Let m(o) = 4*o**2 + o**3 + 1 - l*o**2 + o**2. What is m(1)?
1
Let u(f) = 104*f**2 - 17 - 31*f**2 - f - 33*f**2 - 39*f**2. Give u(0).
-17
Suppose -4*i - 26 = -5*c, 3*i - 21 = -c - 2*c. Suppose -w + 10 = -4*h, 5*w - 2*h = -4*h + c. Suppose -w + 8 = -2*z. Let s(k) = -k**2 - 5*k - 3. Determine s(z).
3
Let t(y) = 2*y**2 - 2. Let h be 3/(-2)*4/3. What is t(h)?
6
Let z(u) = u**2 + 2*u - 1. Let m be z(-2). Let o = m - -4. Let w(y) = -4*y - 1. Let l(k) = -k - 1. Let r(j) = 3*l(j) - w(j). What is r(o)?
1
Let b(h) = h**3 + 6*h**2 + 5*h + 5. Let l be b(-5). Let j(x) = 2*x**2 - 2*x + x + l*x**3 - 4*x**3. Determine j(-3).
-6
Let z be -1 + 7 - (11 - 7). Let f(y) be the first derivative of -z*y + 1/2*y**2 - 2. Give f(2).
0
Let t(p) = -4*p**3 - 9*p**2 - p - 10. Let x(h) = h**3 - 1. Let g(j) = t(j) + 3*x(j). What is g(-9)?
-4
Let x(c) = 3*c**3 + 5*c**2 - 9*c + 19. Let i(w) = -4*w**3 - 8*w**2 + 13*w - 28. Let g(b) = 5*i(b) + 7*x(b). What is g(5)?
3
Let x(o) = 2*o + 3. Let r(f) = f + f - f**3 + f**2 - f + 0*f**3. Let k be r(2). What is x(k)?
-1
Let w(o) = o**3 - o**2 - o + 1. Let j(i) = -4*i**3 + 2*i**2 + 4*i + 6. Let p(z) = -j(z) - 3*w(z). Let v = 7 - 11. Let l = -4 - v. What is p(l)?
-9
Let k(f) be the third derivative of -1/2*f**3 + 0*f - 1/12*f**4 + 1/12*f**5 - 7*f**2 + 1/120*f**6 + 0. Calculate k(-5).
7
Suppose -5*g + 24 = -f, 3*g = -0*f + 3*f + 12. Suppose -4*c + 5*c - g = 0, -4*j + 16 = 4*c. Let p(t) = -4*t - 1. Give p(j).
3
Let d be 3/4*(4 - 0). Let k(r) = 2*r + r**d + 4*r**2 + 4*r**2 - 4*r**2. Determine k(-3).
3
Let n(l) = l**3 - l**2 + 3. Let g = 7 - 7. Let x be n(g). Let j(v) = 0*v - 1 + 3 - 2*v. Give j(x).
-4
Let n(m) = -m**2 - 8*m - 7. Suppose 10*j - 5*j + 35 = 0. Let a be n(j). Let r(c) be the third derivative of c**6/120 - 2*c**3/3 + c**2. Calculate r(a).
-4
Let q(h) = h + 8. Let p be q(0). Let v = p - 4. Let z(n) = n**2 - 3*n + 2. Give z(v).
6
Suppose -5*t = -0*t. Let c(z) be the second derivative of -z**2 + 1/6*z**3 + t + z + 1/12*z**4. What is c(-2)?
0
Let x(i) be the second derivative of -3/2*i**2 + 0 - 4*i + i**3. Calculate x(2).
9
Let d(r) be the second derivative of r**3/6 + 17*r**2/2 - 12*r. What is d(0)?
17
Let d = -5 - -2. Let t(z) = z - 6 + 3*z + 5*z**2 + 3*z - z**2. Let q(a) = -7*a**2 - 13*a + 11. Let i(y) = d*q(y) - 5*t(y). What is i(-4)?
-3
Let r be (-1476)/(-205) + (-2)/10. Let u(i) = i**2 - 8*i + 3. What is u(r)?
-4
Let r(x) = x + 1. Let s(j) = j - 4. Let n be s(7). Suppose n*p - 23 = -4*i, i - p = 4*p. Suppose 2*u + 8 = 4*u - k, i*k + 10 = 4*u. What is r(u)?
6
Let q(l) = l**2 + l - 1. Suppose -2*f - 2 = -2*h, h = -3*h - 4*f + 4. Let b(i) = 2*i - 1. Let j be b(h). Give q(j).
1
Let j(m) = m**3 + 2*m**2 - 2*m - 2. Let t be j(-2). Suppose -4*d = -t*d. Suppose 2*b + 4 = -d. Let k(s) = 2*s + 3. Calculate k(b).
-1
Let o(u) = 6*u. Suppose 4*q + 9 = w, -6*q + 3*w = -3*q + 18. Determine o(q).
-6
Let m(d) = d**2 + 5*d + 1. Let g(x) = x**2 - 7*x + 1. Let y be g(6). Let c be m(y). Let z(a) = -3*a + 2*a - 1 - a. Calculate z(c).
-3
Let a be ((-45)/6)/(-5)*4. Suppose 3*o = a, -2*o - 3*o + 16 = -2*l. Let q(n) be the first derivative of n**4/4 + n**3 - n**2/2 + 3. Determine q(l).
3
Let q(o) = o. Let u(d) = 2*d - 2. Let h(b) = q(b) - u(b). Let r(k) = -k**2 - 7*k - 1. Let s be r(-5). Suppose 21 = -g - 4*a + s, -a = -g + 8. What is h(g)?
-2
Suppose 0*l - 5*l + 80 = 0. Suppose -36 + l = -3*m - 2*a, -3*a = 3*m - 24. Let c(y) = y + 5. Let h(d) = 2*d + 2. Let o(v) = c(v) - h(v). Calculate o(m).
-1
Let l(q) = 4*q + 3 + q - 2*q + 2 + q**2. Let n(j) = -4*j**2 - 11*j - 19. Let b(c) = -9*l(c) - 2*n(c). Suppose 0 = 2*h + 10. What is b(h)?
-7
Let w(z) be the first derivative of -z**4/8 + z**3/3 + z**2 - 2. Let b(m) be the second derivative of w(m). Suppose -7 = -5*s + 8. Calculate b(s).
-7
Let n(h) = 5*h**3 - h**2 + 1. Let f be n(-1). Let t(w) = 5*w**3 + w**2 - 4*w + 5. Let s(o) = -o**3 - o**2 + o - 1. Let v(k) = 6*s(k) + t(k). Determine v(f).
-11
Let z(x) = -x + 3. Let j(y) = 5*y - 13. Let n(c) = -2*j(c) - 9*z(c). Give n(5).
-6
Let p(i) = -i**2 - 4*i - 3. Let u(b) = b**3 - 5*b**2 + 6*b. Let z be u(4). Suppose k + 3*k = -z. What is p(k)?
1
Let t(w) = -w**2 + 10*w - 7. Let a be t(9). Let s(y) = 6*y + 1 - 5*y**a + 3*y**2 + 3*y**2. Let z be 2/(-4) + (-7)/2. What is s(z)?
-7
Let v(d) be the first derivative of -d**2 - 5*d + 4. Calculate v(6).
-17
Let b(j) be the first derivative of -j**4/4 - j**3/3 - j**2/2 + j + 9. What is b(-2)?
7
Let z(x) = x - 6*x**2 - 6 + 2 + 3*x**3 - 3*x + 3*x. Let q(v) = 3*v**3 - 7*v**2 + v - 5. Let j(n) = -4*q(n) + 5*z(n). Calculate j(1).
2
Let w(x) = 4*x**2 + 9 + x + 10*x - x - 3*x**2. Calculate w(-8).
